{"id":2751,"date":"2024-12-27T15:09:33","date_gmt":"2024-12-27T15:09:33","guid":{"rendered":"https:\/\/pandoraeventi.com\/?page_id=2751"},"modified":"2025-03-19T14:10:51","modified_gmt":"2025-03-19T14:10:51","slug":"il-matrimonio","status":"publish","type":"page","link":"https:\/\/pandoraeventi.com\/index.php\/il-matrimonio\/","title":{"rendered":"Matrimonio da Favola in Calabria"},"content":{"rendered":"\n<div class=\"wp-block-columns is-layout-flex wp-container-core-columns-is-layout-9d6595d7 wp-block-columns-is-layout-flex\">\n<div class=\"wp-block-column is-layout-flow wp-block-column-is-layout-flow\">\n<p>La nostra esperta di Wedding Planner \u00e8 una figura che con la sua professionalit\u00e0, tranquillit\u00e0, creativit\u00e0 vi aiuter\u00e0 a organizzare Insieme a voi il giorno pi\u00f9 bello.<\/p>\n\n\n\n<p>Una figura tra psicologa e la fatina buona di Cenerentola vi pu\u00f2 aiutare con eleganza,sobriet\u00e0 e competenza il vostro matrimonio!<\/p>\n<\/div>\n<\/div>\n\n\n\n<div class=\"wp-block-columns is-layout-flex wp-container-core-columns-is-layout-9d6595d7 wp-block-columns-is-layout-flex\">\n<div class=\"wp-block-column is-layout-flow wp-block-column-is-layout-flow\">\n<figure class=\"wp-block-image size-full\"><img loading=\"lazy\" decoding=\"async\" width=\"450\" height=\"299\" src=\"https:\/\/pandoraeventi.com\/wp-content\/uploads\/2024\/12\/viaggionozze2.jpg\" alt=\"\" class=\"wp-image-2803\" srcset=\"https:\/\/pandoraeventi.com\/wp-content\/uploads\/2024\/12\/viaggionozze2.jpg 450w, https:\/\/pandoraeventi.com\/wp-content\/uploads\/2024\/12\/viaggionozze2-300x199.jpg 300w\" sizes=\"auto, (max-width: 450px) 100vw, 450px\" \/><\/figure>\n<\/div>\n\n\n\n<div class=\"wp-block-column is-layout-flow wp-block-column-is-layout-flow\">\n<p><strong>Ti amo in tutte le lingue!!!!<\/strong><\/p>\n\n\n\n<p>Americani, Tedeschi e Inglesi, sono sempre pi\u00f9 anche gli stranieri che scelgono di convolare a giuste nozze nella nostra incantevole Calabria. Ma come organizzare un matrimonio da migliaia di km di distanza?<\/p>\n<\/div>\n<\/div>\n\n\n\n<p>Affidandosi ai nostri Collaboratori esperti che parlano e scrivono perfettamente in Inglese,Tedesco,Francese,Arabo e Russo,si occupano di Voi e i vostri ospiti dall\u2019arrivo,all\u2019 intera organizzazione e svogimento,alla partenza.<\/p>\n\n\n\n<p>La regione Calabria in cui arte e natura si integrano perfettamente,<\/p>\n\n\n\n<p>tra montagne verdi ma anche innevate, spiagge e mare cristallino. Paesaggi mozzafiato, rendono indimenticabile il vostro giorno di matrimonio.<\/p>\n","protected":false},"excerpt":{"rendered":"<p>La nostra esperta di Wedding Planner \u00e8 una figura che con la sua professionalit\u00e0, tranquillit\u00e0, creativit\u00e0 vi aiuter\u00e0 a organizzare Insieme a voi il giorno pi\u00f9 bello. Una figura tra&hellip;<\/p>\n","protected":false},"author":1,"featured_media":0,"parent":0,"menu_order":0,"comment_status":"closed","ping_status":"closed","template":"","meta":{"_monsterinsights_skip_tracking":false,"_monsterinsights_sitenote_active":false,"_monsterinsights_sitenote_note":"","_monsterinsights_sitenote_category":0,"footnotes":""},"class_list":["post-2751","page","type-page","status-publish","hentry"],"aioseo_notices":[],"_links":{"self":[{"href":"https:\/\/pandoraeventi.com\/index.php\/wp-json\/wp\/v2\/pages\/2751","targetHints":{"allow":["GET"]}}],"collection":[{"href":"https:\/\/pandoraeventi.com\/index.php\/wp-json\/wp\/v2\/pages"}],"about":[{"href":"https:\/\/pandoraeventi.com\/index.php\/wp-json\/wp\/v2\/types\/page"}],"author":[{"embeddable":true,"href":"https:\/\/pandoraeventi.com\/index.php\/wp-json\/wp\/v2\/users\/1"}],"replies":[{"embeddable":true,"href":"https:\/\/pandoraeventi.com\/index.php\/wp-json\/wp\/v2\/comments?post=2751"}],"version-history":[{"count":3,"href":"https:\/\/pandoraeventi.com\/index.php\/wp-json\/wp\/v2\/pages\/2751\/revisions"}],"predecessor-version":[{"id":3039,"href":"https:\/\/pandoraeventi.com\/index.php\/wp-json\/wp\/v2\/pages\/2751\/revisions\/3039"}],"wp:attachment":[{"href":"https:\/\/pandoraeventi.com\/index.php\/wp-json\/wp\/v2\/media?parent=2751"}],"curies":[{"name":"wp","href":"https:\/\/api.w.org\/{rel}","templated":true}]}}